se
Suppose -12 = 5*o + 4*j + 14, -2*j = 5*o + 18. Is 447/21 + o/7 prime?
False
Suppose 5 = t - a, -a + 5*a + 18 = 3*t. Suppose -2 = -t*v, 76 = -x + 3*v - 15. Is (-6)/(-18) + x/(-6) composite?
True
Let w be (2 + 12)*(-2)/(-7). Suppose 0 = 4*x - 0*y + 3*y - 83, -3*x + w*y = -81. Is x composite?
False
Let a(l) = -4*l**2 + 5. Let y(g) = 7*g**2 - g - 9. Let q(d) = 10*a(d) + 6*y(d). Let o be q(-4). Suppose 2*r - 6*r = -o. Is r a composite number?
False
Let t be (-5)/10*(0 - 0). Suppose -2*g = -4*i - 322, -5*g + 8*g - 4*i - 481 = t. Is g a composite number?
True
Let d be (1 + 2/(-10))/(8/1180). Let c(s) = -s**3 - 7*s**2 - 7*s + 6. Let o be c(-6). Suppose o = -2*u + d. Is u prime?
True
Let n(p) = -p**3 + 3*p**2 + 3*p + 4. Let v be n(4). Suppose 0 = -h - v*h + 4. Is h a composite number?
True
Let f(q) = 10*q**3 - 16*q**2 + 7*q + 11. Is f(6) a prime number?
True
Suppose -1494 = -7*p + 2293. Is p a composite number?
False
Let j be -1 - ((3 - 152) + 3). Let k(a) = 2*a**2 - 3*a + 2. Let d be k(6). Let l = j - d. Is l composite?
False
Let d(k) = -k - 1. Let s be d(-2). Suppose -r - s = 1. Is 6/8*(70 + r) composite?
True
Suppose -i - 88 = -5*i. Is i a composite number?
True
Let s(u) = u**3 - 4*u**2 + 5*u - 3. Let t be s(3). Suppose 0*q - a = -2*q + 10, q - 5 = -t*a. Suppose 0 = z - 0*z - q*w - 35, -70 = -2*z - 4*w. Is z composite?
True
Suppose 0 = 4*g - 0*g - 84. Let s = -8 + g. Is s a composite number?
False
Let c(d) = -d**3 + 3*d**2 + 2*d + 5. Let s be c(-4). Let q = s - 70. Is q a composite number?
True
Let r(b) = -5724*b + 583. Let a(v) = -59*v + 6. Suppose -f + 24 = -5*f. Let d(t) = f*r(t) + 583*a(t). Is d(-1) a composite number?
False
Suppose 6*z - 4732 = 626. Is z prime?
False
Let c(u) = u**3 - 8*u**2 + 9*u - 8. Let d be c(7). Let g(q) = -3*q**2 + 8*q. Let z(l) = -l**2 + 1. Let p(m) = -g(m) + z(m). Is p(d) prime?
False
Let d(l) = -l - 2. Let j be d(-4). Let o(r) = 8*r**2 - 3*r**2 + 0 + 1. Is o(j) prime?
False
Let f = -12 - 94. Is f/(-8) - 2/8 composite?
False
Let p = 300 + -192. Let m = 223 - p. Is m prime?
False
Let b be (2 - 741/12)*-8. Let u = -83 + b. Is u a composite number?
True
Let v(q) = 142*q**2. Let s be v(-1). Let t be s/12 + 1/6. Let x = 1 + t. Is x composite?
False
Suppose 4*h - l = -4*l + 378, 0 = 3*l - 6. Is h + (0 - 2)*1 composite?
True
Let a be ((-10)/(-1))/(-4 + 6). Let n = a + -7. Let o = 6 + n. Is o a composite number?
True
Let l = 34042 - 15371. Is l prime?
True
Let v(t) = -7*t - 3. Let m(b) = -21*b - 9. Let r(s) = 3*m(s) - 8*v(s). Is r(-7) prime?
False
Let y(h) = 635*h**3 + h**2 - 3*h + 2. Is y(1) composite?
True
Let s = -1 - -3. Suppose -36 - 38 = -s*i. Is i a composite number?
False
Let d(j) = j**2 - 5*j - 2. Let i be d(5). Is (i - (-903)/15)*5 a composite number?
True
Suppose 2*t = 2*x - 4, 2*t - 8 = -4*x - 0*x. Suppose -x*z - 33 = -5*z. Is z composite?
False
Suppose 0 = -2*u + 113 - 7. Let o = u - 25. Let j = o + -14. Is j a prime number?
False
Suppose -2*l - 238 = -3*l - 3*j, 3*j - 684 = -3*l. Is l prime?
True
Suppose 4*y - 96 = -2*l, 0*l + 2*l - 99 = -y. Let z = 87 - l. Is z a prime number?
True
Suppose 84291 = 12*g + 1407. Is g a composite number?
False
Let o = 17046 + -7519. Is o a composite number?
True
Suppose 4*z - 12 = -0*z. Let p = z + -3. Suppose -m = -39 - p. Is m prime?
False
Suppose -14 + 6 = -4*j, -18 = -3*a - 3*j. Suppose 2*q = a*q - 158. Is q a prime number?
True
Suppose p - 3*p = 6. Let j = p + 5. Is j composite?
False
Let f = 2610 - 1687. Is f composite?
True
Suppose 5*n = -4*b - 16, 5*n = b + n + 25. Is (-231)/b + (-2)/3 prime?
False
Let b(u) = 40*u**2 + 6*u - 23. Is b(-6) a composite number?
False
Suppose -3*i - 2*u = -38, -4*i + 29 = u - 25. Is i prime?
False
Let i(s) = -379*s**3 - s**2 + s. Let w be i(1). Suppose -3*g + g + 1332 = 0. Let v = w + g. Is v prime?
False
Let p = -5 - -33. Suppose p = 2*b + q, 2*b - 5*q = -0*b + 28. Is b composite?
True
Let l = 665 + 1362. Is l composite?
False
Let v be 8/6*24/16. Suppose -161 = -3*k + v*w - 0*w, 2*k - 4*w = 110. Is k a composite number?
False
Suppose 1171 = 2*o + 3*u, -1176 = -2*o + 2*u - 0*u. Is o composite?
False
Is (0 - -4) + 1 + -1 prime?
False
Suppose 0 = 3*t - 0*t - 6. Suppose -t*h + 6*h = 380. Is h a prime number?
False
Let m = 159 + -52. Suppose -m = -4*b + 465. Is b a composite number?
True
Let g(h) = 48*h**3 - 7*h**2 + 5*h - 1. Is g(3) composite?
True
Suppose 31386 = 12*w - 7290. Is w a composite number?
True
Suppose 2*u = 4*u - 6. Suppose -3*m - 422 = -3*s + m, -u*s + m = -416. Suppose -3*l + 6*l = s. Is l a composite number?
True
Suppose n + 2*s + 59 = 0, 4 = s + 2. Let l = 135 + -23. Let w = l + n. Is w a composite number?
True
Let y(a) be the first derivative of -a**4/4 + 4*a**3 - 7*a**2/2 - 11*a - 2. Let k = -15 + 26. Is y(k) composite?
True
Let s = -44 + 77. Is s a composite number?
True
Let i be 669/(-2)*36/27. Let w = -312 - i. Suppose -w = -4*q + 6. Is q composite?
True
Is 7 + -7 - 1*-1087 a composite number?
False
Suppose -18 = 3*z + 3*u, -5*z - 3*u + 0*u = 20. Let b be 6 - 5 - (0 - z). Suppose b = 3*l - 61 - 134. Is l prime?
False
Suppose 0 = -2*b + b + 27. Suppose -c + b = -71. Suppose -6*k + 61 = -3*k - 4*p, 3*p + c = 5*k. Is k a prime number?
True
Let v(x) = -x**3 - 11*x**2 + 7*x - 23. Is v(-12) a prime number?
True
Let z = 3660 - 1457. Is z a composite number?
False
Let l = -2 + 2. Suppose 6 = 2*a - l*a. Suppose -26 - 481 = -a*o. Is o prime?
False
Let t = 20 - 13. Suppose 2*b = -k - t, 2*b + 9 = -2*k - b. Suppose -5*u = j - 4*j + 144, -4*u = -k*j + 141. Is j a prime number?
True
Suppose -5*u = u - 894. Is u a prime number?
True
Let f = -2 - -6. Suppose h + f*h = -2*a - 12, 0 = -5*a + 3*h + 32. Suppose -y - y - 11 = -u, -a*u + 4*y = -28. Is u prime?
True
Let v(m) = -m. Let h(a) = -127*a. Let t(k) = 3809*k. Let j(l) = 91*h(l) + 3*t(l). Let y(f) = -j(f) + 156*v(f). Is y(-1) a prime number?
False
Suppose a - z - 11 = 0, -5*a - 5*z = -67 + 2. Is (-229 + -2)*(-4)/a a prime number?
False
Suppose -10*g + 15*g - 39305 = 0. Is g a composite number?
True
Let a be ((-16)/6)/((-2)/(-6)). Let r = -5 - a. Suppose r*d - 12 = 18. Is d composite?
True
Let f(g) be the third derivative of -7*g**4/2 + g**3/6 - 2*g**2. Is f(-1) a composite number?
True
Suppose -5*b + 1816 = 411. Suppose -163 - b = -4*y. Is y prime?
False
Let c be 58*((-20)/(-8) - 3). Let j = 48 + c. Is j a composite number?
False
Suppose o + 4 - 206 = 0. Let x = -121 + o. Suppose 6 - x = -5*t. Is t prime?
False
Let z = 14 + 17. Suppose 4*y + 4 = 2*b, 5*b + 2 = 3*y - 5*y. Suppose a = -b*a + z. Is a a composite number?
False
Suppose -r - 2*t = 34, 0 = -4*r - t - t - 136. Let v = r + 71. Is v a composite number?
False
Let s(y) = y**3 + 4*y**2 - 5*y. Let w be s(-5). Suppose 0 = 2*r + 3*t - 47 - 60, -4*r + 3*t + 241 = w. Is r a prime number?
False
Let w(m) = 5*m**2 + m - 17. Is w(-10) a composite number?
True
Is 10934/33 + (-2)/6 prime?
True
Let h(x) = -3 - 44*x - 1 + 67*x + 62*x. Is h(3) prime?
True
Is 1/((-11510)/(-3835) - 3) a prime number?
False
Let j(k) = -3*k + 10. Let v(z) = 4*z - 10. Let r(f) = 5*j(f) + 4*v(f). Is r(9) composite?
False
Suppose -4*t + 2651 = s - 7*t, 2*s + 4*t - 5322 = 0. Is s composite?
False
Is (180/6 - -7)*(2 - 1) a composite number?
False
Let b(a) = 20*a**3 - 21*a**2 - a + 32. Let j(z) = -7*z**3 + 7*z**2 - 11. Let h(u) = 6*b(u) + 17*j(u). Let c be h(6). Let m = c + 132. Is m prime?
False
Suppose 7*n - 3*n + 2 = g, 3*g = -5*n + 6. Let t be -1 + (1 - (g - 0)). Is ((-15)/4)/(t/8) a composite number?
True
Let x = 20 + -9. Is x/(3 + 16/(-6)) prime?
False
Let v(o) = -2*o**2 + 35*o + 4. Is v(17) a prime number?
False
Is 10/(-8) - (-22041)/4 prime?
False
Let k(c) = 4*c - 8. Let p be k(4). Is (-2 + 3 - p)*-5 a prime number?
False
Suppose f = -f + 92. Suppose -h + 135 = 2*a + f, -h + 175 = 4*a. Is a prime?
True
Let k = -5 - -5. Suppose 5*o - 89 - 246 = k. Is o composite?
False
Suppose -2*l = -6*l - 20. Is 86 - l/(20/(-16)) a prime number?
False
Let s(i) be the third derivative of 2*i**2 + 0 + 0*i**3 + 0*i + 67/120*i**6 - 1/60*i**5 + 1/24*i**4. Is s(1) prime?
True
Suppose 0 = 2*d + 2, -5*z + 4*z + 2*d = 5. Let n(l) = 5*l**2 - 11*l - 5. Is n(z) prime?
True
Let o(k) be the second derivative of k**5/20 + 5*k**4/6 + 2*k**3/3 - 4*k**2 + 4*k. Is o(-9) a composite number?
False
L